 the units digit of n?
3
Suppose -2*n + 25894 = 4*k, -n - 5*k - 4605 = -17567. What is the tens digit of n?
3
Let u(c) = -123*c - 1482. What is the units digit of u(-43)?
7
Let y(h) = -37*h - 68. Let i be y(-2). What is the tens digit of (260/78)/(i/1143)?
3
Let o(j) = 314*j + 7452. What is the hundreds digit of o(4)?
7
Let k = 19 - 7. What is the tens digit of ((-3)/(k/(-140)))/((-6)/(-72))?
2
Let k = 2156 + -857. Let q be -2 + (-26)/(-10) - k/15. Let p = q + 170. What is the tens digit of p?
8
Let g = -30415 - -72033. What is the units digit of g?
8
Let y = 15059 - 9983. What is the tens digit of y?
7
Let j be 12/2 + 1 + 551. Suppose 43106 = 44*s + j. What is the tens digit of s?
6
Let c be (-1)/((-10)/(-4) - (10 + -7)). Let u(v) = 72 + 3*v + 34 + 4*v**2 - 3*v**c. What is the hundreds digit of u(0)?
1
Let l be (-11 - (-2 + -5)) + 1*186. Suppose l = 7*q - 0*q. What is the tens digit of q?
2
Let t = -15 - -19. Let n = -101 + t. Let c = -60 - n. What is the units digit of c?
7
Suppose -a + 12*x - 5 = 13*x, -5*x - 25 = -4*a. Let w(i) be the first derivative of i**2 + 154*i + 3. What is the tens digit of w(a)?
5
Let s be 7/(196/24)*329. Suppose 2*n + n = -5*c + 312, -3*n + 5*c + s = 0. What is the units digit of n?
9
Let q(h) = 4361*h**3 - 64*h**2 + 127*h + 12. What is the tens digit of q(2)?
9
Let n(k) = k**2 - 7*k - 7. Let s(x) = x**2 - 13*x - 13. Let z(t) = 5*n(t) - 2*s(t). What is the units digit of z(-23)?
5
Let c(n) = 65*n**3 + n**2 + n - 2. Let q be (-1)/4*(13 - 21). Let y(d) = 3*d**2 - 6*d + 1. Let i be y(q). What is the tens digit of c(i)?
6
Let g(m) = 7*m - 2. Let y be (-70)/49 - (-8)/(-14). Let s be (-1)/(y/14) + 9 + -12. What is the tens digit of g(s)?
2
Let t(h) = -h**2 - 10*h + 4. Let l be t(-12). Let m(y) = -y**3 - 20*y**2 - 24*y - 61. What is the tens digit of m(l)?
1
Suppose 0 = 3*a + r - 114084, a - 105*r - 38024 = -106*r. What is the ten thousands digit of a?
3
Let b(w) = -4*w**3 + 67*w**2 + 645*w + 8. What is the tens digit of b(-12)?
2
Suppose 26*c = -0*c + 1170. What is the tens digit of (-3640)/(-10)*(c/(-4))/(-5)?
1
Suppose -16*u - 2670 = 6770. Let x = -410 - u. What is the hundreds digit of x?
1
Let o be 31*-10*(-4)/(-8). Let a = o - -375. Suppose 99 + 74 = 3*b + i, -4*b + a = 4*i. What is the tens digit of b?
5
Suppose o = 3*n + 2332, -n + 6537 = 4*o - 2791. What is the tens digit of o?
3
Let o(p) = 5*p**2 + 3*p + 10. Let d(m) = -m**2. Let h(q) = -5*d(q) + o(q). Let z be -2 - (-39)/18 - (-34)/12. What is the tens digit of h(z)?
0
Let r be ((-1)/1)/((-5)/(5 - -20)). Suppose r*y - 674 = -149. What is the tens digit of y?
0
Let s(k) = k + 6. Let m(d) = -d**3 + d**2 + d - 1. Let u be m(1). Suppose u = b + 3*a - 13, -b - a + 13 = 3*a. What is the tens digit of s(b)?
1
Let i = -26 - -54. Let w be (8/i)/(1/14). Suppose -3*f - w = 5*j - 204, 0 = f - 3*j - 76. What is the units digit of f?
0
Let f(w) = 16*w**2 - 72*w - 12. Let j(r) = -6*r**2 + 24*r + 4. Let i(g) = -4*f(g) - 11*j(g). What is the hundreds digit of i(-18)?
2
Let j = 257 + -89. Suppose -j*d + 172*d = 3404. What is the tens digit of d?
5
Let v = 28016 - 6340. What is the hundreds digit of v?
6
Suppose 2*z - m + 13746 = -2*m, -2*z = 2*m + 13748. What is the hundreds digit of 0 - (-5)/((-40)/z)?
8
Let i = -7182 - -10452. What is the hundreds digit of i?
2
Let o be 5/(-2)*(-12)/(-15)*-1. Let m(y) = 4*y**3 - 3*y**3 + 6*y + 9*y**o + 3 + y**2 + 10. What is the tens digit of m(-9)?
4
Let k = 13035 + -4161. What is the hundreds digit of k?
8
Let i(x) = -x**3 + 9*x**2 + 5*x - 27. Let o be -3*(-2)/9 - (-600)/72. What is the tens digit of i(o)?
1
Let x = -61 + 70. What is the thousands digit of 9771/x + ((-88)/12)/11?
1
What is the units digit of (52 + -6188)*(-209)/22?
2
Let w = -982 - -1777. What is the units digit of (-6 + w + 2)*2/7?
6
Suppose 14*i - 32 = 6*i. Suppose -2*q - 2*g = -264, 9*q + 3*g = i*q + 664. What is the tens digit of q?
3
Let p be 4/(-6)*3 - -2. Let u be -58*(51/6 - 9). Suppose 35 = 2*x + 2*g - u, -5*g + 10 = p. What is the tens digit of x?
3
Let t(j) = 78*j**2 + 9*j - 21. Suppose -8*u + 13*u - 8*k = 34, 5 = -5*u - 5*k. What is the hundreds digit of t(u)?
3
Let c be (1 + -79)*3/(-9). Let q = 289 + c. Suppose 0 = -2*a - 3*a + q. What is the tens digit of a?
6
Let g(m) be the third derivative of -3*m**4/8 + 5*m**3/6 + m**2. Suppose -6*u = -10*u - o - 19, 2*u = -5*o + 13. What is the tens digit of g(u)?
5
Let w be (-6)/(-9) + (-13)/((-156)/760). Let u = w + -27. What is the units digit of u?
7
Let o(l) = 6*l**2 - 35*l + 2. Let c be o(6). Suppose -11*b + 2584 = c*b. What is the units digit of b?
6
Let i = 304 - 155. Suppose -3*r + 488 - i = 0. Suppose 4*l - r = 31. What is the units digit of l?
6
What is the hundreds digit of (3/(-9))/(5/(-135)) + 1156?
1
Suppose 1952 = 35*x - 848. Suppose x = -9*c + 296. What is the tens digit of c?
2
Let v = -8975 + 14642. What is the hundreds digit of v?
6
Let i(q) be the third derivative of 5/3*q**3 - 8*q**2 + 1/6*q**4 + 0 + 1/30*q**5 + 0*q. What is the units digit of i(-7)?
0
What is the tens digit of 5890 - (0/2)/(33/11)?
9
Let s(c) = -8526*c + 195. What is the ten thousands digit of s(-3)?
2
Suppose 0 = 4*x + 5*z - 0*z - 243, 0 = -4*x - 2*z + 234. Let n = x - -193. What is the units digit of n?
0
Let o = 75 - 72. Suppose 5*i - 2*g - 2176 = 0, -2*i + 0*g - o*g = -878. What is the hundreds digit of i?
4
Let t = -20 - -13. Let x(c) = 9*c - 1 - 6*c + 7 + 6 + c**2. What is the units digit of x(t)?
0
Let f(d) = 32*d - 12. Let v = 23 + -17. What is the units digit of f(v)?
0
Let q = 3779 - 2545. Let j = 2751 - q. What is the tens digit of j?
1
Let c = -3930 - -9694. What is the units digit of c?
4
Let b(z) = -z**3 - 2*z**2 + z + 10. Let y be b(-6). Let u = 254 - y. What is the hundreds digit of u?
1
Let a = 191 - 128. Suppose 2*k - 26 = -5*b, k + 4*b = -0*k + 19. Suppose -294 = -k*i - a. What is the units digit of i?
7
Suppose -835*z = -839*z + 41416. What is the thousands digit of z?
0
Let s(o) = 23*o**2 + 32*o - 1296. What is the units digit of s(-49)?
9
Suppose 0*n + 3*n = 2*n + 6390. What is the units digit of n?
0
Let r(l) = -l - 8. Let f be r(-9). Suppose p + y - 6 = -f, p - 5 = 4*y. Suppose -p*u + 99 = -4*x, -4*u = -u + 5*x - 89. What is the units digit of u?
3
Suppose -15571 - 37093 = -8*h. What is the hundreds digit of h?
5
Let b(a) = 33*a + 1090. What is the hundreds digit of b(84)?
8
Suppose x + 0*x - 5248 = -2*v, v - 2624 = 5*x. What is the hundreds digit of v?
6
Let i(s) = 51*s**3 + 4*s**2 - 53*s + 220. What is the hundreds digit of i(4)?
3
Suppose 5*g + 2*j = 45022, 35*g - 27015 = 32*g - 3*j. What is the thousands digit of g?
9
Suppose 245*n + 192960 = 263*n. What is the thousands digit of n?
0
Let s be (-1 + 6)*-3*3/9. What is the hundreds digit of 15064/10 - (-2)/s?
5
Let u be 1 + -3 - (3 - 4). What is the units digit of (u - 0)*0 + 17 + 660?
7
Let v be 26/(-6) + (-4)/6. Let s = 7 + v. Suppose 5*q = s*q + 216. What is the units digit of q?
2
Suppose 0 = 11*t - 5*t - 4944. Suppose t = -4*x + 6*x. What is the hundreds digit of x?
4
Let f be (18/4)/(-9)*-242. Suppose -4*c + 235 = -f. What is the tens digit of c?
8
Let t(l) be the first derivative of l + 1. Let b(z) = 7*z - 18. Let o(p) = b(p) + 2*t(p). What is the tens digit of o(8)?
4
Let b = -19 - -27. Let u(g) = 3*g - 18. Let o be u(b). Suppose 3*c = o*c - 204. What is the tens digit of c?
6
Let d = 156341 + 93090. What is the tens digit of (-2)/15 + 7 + d/195?
8
Let y(g) = -3*g**3 + 35*g**2 - 4*g - 21. Let d(u) = -16*u**3 + 175*u**2 - 19*u - 106. Let o(m) = 2*d(m) - 11*y(m). What is the tens digit of o(35)?
2
Let g(i) = 1. Let j(n) = 20*n - 58. Let d(f) = -4*g(f) - j(f). What is the units digit of d(-14)?
4
Suppose 3*v + 0*k - 2 = k, -2 = -v - k. Suppose -23 - v = 3*d. What is the tens digit of (-6)/(-9)*(-2)/(d/294)?
4
Suppose 8 + 12 = 5*x + 5*k, 3*x - k - 12 = 0. Suppose -21 = 16*i - 21. What is the tens digit of (2712/(-36))/(i + x/(-6))?
1
Let c = 6194 + -4446. What is the thousands digit of c?
1
Let a = -1774 + 6339. What is the units digit of a?
5
Let g = 7913 + -5435. Suppose 5*x + 2*d = g, -1796 = -3*x + 4*d - 304. What is the tens digit of x?
9
Let x be 2/7 + 496/28 + 1. Suppose 2*o - x = -3. What is the units digit of 6/o + (-2 - 3483/(-12))?
9
W